 and 128.
16
What is the greatest common factor of 32 and 144?
16
What is the highest common factor of 4912 and 72?
8
What is the greatest common divisor of 1653 and 87?
87
What is the highest common divisor of 518 and 7178?
74
Calculate the greatest common divisor of 144 and 666.
18
What is the highest common factor of 1 and 16?
1
What is the greatest common divisor of 176 and 66?
22
What is the highest common divisor of 66 and 3223?
11
What is the highest common factor of 334 and 3173?
167
Calculate the greatest common divisor of 475 and 1216.
19
Calculate the greatest common divisor of 488 and 248.
8
What is the greatest common divisor of 52 and 4316?
52
What is the greatest common factor of 2 and 683?
1
Calculate the greatest common factor of 128 and 8000.
64
Calculate the greatest common divisor of 3306 and 348.
174
Calculate the greatest common factor of 510 and 952.
34
Calculate the highest common divisor of 15 and 300.
15
Calculate the greatest common divisor of 405 and 945.
135
Calculate the highest common factor of 335 and 5.
5
What is the greatest common divisor of 225 and 180?
45
What is the greatest common divisor of 819 and 28?
7
What is the highest common factor of 77 and 1309?
77
Calculate the greatest common divisor of 418 and 308.
22
What is the highest common factor of 8 and 14?
2
Calculate the greatest common divisor of 750 and 20.
10
Calculate the highest common factor of 18352 and 4.
4
Calculate the highest common divisor of 1072 and 16.
16
Calculate the highest common factor of 62 and 403.
31
What is the greatest common factor of 32 and 736?
32
Calculate the greatest common divisor of 63 and 28.
7
What is the greatest common factor of 328 and 369?
41
What is the highest common divisor of 1772 and 8?
4
Calculate the greatest common divisor of 297 and 2565.
27
Calculate the greatest common divisor of 899 and 203.
29
What is the greatest common factor of 11931 and 123?
123
Calculate the highest common factor of 108 and 4.
4
What is the greatest common divisor of 26 and 117?
13
Calculate the greatest common factor of 45105 and 93.
93
What is the greatest common factor of 440 and 40?
40
Calculate the highest common divisor of 6631 and 57.
19
What is the greatest common divisor of 10 and 13070?
10
Calculate the highest common divisor of 88 and 2816.
88
Calculate the highest common factor of 73087 and 53.
53
Calculate the greatest common factor of 36 and 52.
4
Calculate the highest common divisor of 41 and 205.
41
What is the greatest common factor of 494 and 38?
38
What is the greatest common factor of 15 and 95?
5
Calculate the highest common divisor of 10 and 670.
10
What is the highest common divisor of 25 and 325?
25
Calculate the greatest common divisor of 81 and 171.
9
Calculate the highest common divisor of 12 and 6.
6
What is the highest common factor of 693 and 198?
99
What is the greatest common factor of 860 and 220?
20
Calculate the greatest common divisor of 960 and 520.
40
Calculate the highest common divisor of 14186 and 519.
173
Calculate the highest common factor of 12 and 204.
12
What is the greatest common divisor of 696 and 609?
87
What is the highest common factor of 58 and 87?
29
What is the highest common factor of 305 and 2867?
61
Calculate the highest common divisor of 884 and 68.
68
Calculate the highest common divisor of 7571 and 113.
113
Calculate the highest common factor of 713 and 31.
31
Calculate the greatest common factor of 3 and 552.
3
Calculate the greatest common factor of 3478 and 296.
74
Calculate the greatest common divisor of 27 and 1431.
27
Calculate the greatest common divisor of 117 and 45.
9
What is the highest common factor of 92 and 92?
92
What is the greatest common divisor of 6 and 224?
2
Calculate the highest common divisor of 6003 and 46.
23
What is the greatest common divisor of 63657 and 99?
99
Calculate the highest common factor of 153 and 45.
9
Calculate the highest common divisor of 1504 and 224.
32
Calculate the greatest common divisor of 1518 and 6.
6
Calculate the greatest common factor of 12 and 112.
4
Calculate the greatest common divisor of 27 and 3.
3
What is the highest common divisor of 90 and 285?
15
What is the highest common factor of 11664 and 16?
16
Calculate the greatest common divisor of 232 and 24.
8
What is the greatest common factor of 56 and 6076?
28
What is the highest common divisor of 70 and 455?
35
What is the highest common factor of 5328 and 144?
144
Calculate the greatest common divisor of 250 and 2.
2
Calculate the greatest common factor of 808 and 4747.
101
What is the greatest common factor of 102 and 969?
51
Calculate the highest common factor of 94 and 2.
2
What is the highest common divisor of 64 and 784?
16
Calculate the highest common factor of 9 and 5517.
9
Calculate the highest common factor of 1450 and 550.
50
What is the greatest common factor of 3139 and 73?
73
What is the greatest common factor of 40 and 936?
8
What is the greatest common factor of 3103 and 428?
107
Calculate the greatest common factor of 1075 and 25.
25
What is the greatest common factor of 3871 and 316?
79
Calculate the greatest common factor of 15 and 1080.
15
Calculate the greatest common divisor of 360 and 300.
60
Calculate the greatest common factor of 1140 and 1596.
228
Calculate the greatest common divisor of 44 and 1694.
22
Calculate the highest common factor of 3143 and 56.
7
Calculate the highest common divisor of 15 and 960.
15
What is the greatest common divisor of 85 and 51?
17
Calculate the greatest common factor of 1584 and 2574.
198
What is the greatest common factor of 35 and 91?
7
Calculate the highest common factor of 98 and 1568.
98
Calculate the greatest common factor of 7700 and 88.
44
What is the highest common divisor of 3 and 141?
3
Calculate the highest common factor of 748 and 506.
22
Calculate the greatest common factor of 704 and 308.
44
What is the highest common divisor of 630 and 7350?
210
Calculate the highest common factor of 154 and 448.
14
Calculate the greatest common divisor of 80 and 128.
16
Calculate the greatest common divisor of 407 and 148.
37
Calculate the highest common factor of 38 and 513.
19
Calculate the greatest common divisor of 130 and 30.
10
What is the greatest common divisor of 30 and 250?
10
Calculate the highest common factor of 10928 and 48.
16
Calculate the greatest common divisor of 566 and 4.
2
Calculate the highest common factor of 10 and 555.
5
Calculate the highest common factor of 38 and 27094.
38
What is the highest common factor of 21 and 12957?
21
What is the greatest common factor of 177 and 3?
3
Calculate the greatest common divisor of 212 and 4823.
53
What is the highest common divisor of 23 and 437?
23
What is the highest common divisor of 18 and 639?
9
What is the highest common divisor of 2041 and 26?
13
What is the greatest common divisor of 24 and 687?
3
Calculate the greatest common factor of 3991 and 156.
13
Calculate the greatest common factor of 782 and 34.
34
What is the highest common divisor of 1700 and 884?
68
Calculate the greatest common factor of 245 and 595.
35
What is the greatest common divisor of 256 and 40?
8
Calculate the highest common divisor of 33 and 209.
11
Calculate the highest common divisor of 22 and 869.
11
What is the greatest common factor of 357 and 294?
21
Calculate the highest common factor of 136 and 17.
17
Calculate the greatest common factor of 216 and 243.
27
What is the highest common factor of 862 and 10?
2
What is the highest common factor of 64 and 944?
16
Calculate the highest common factor of 304 and 874.
38
What is the greatest common factor of 84 and 546?
42
Calculate the highest common divisor of 138 and 762.
6
What is the greatest common divisor of 9 and 549?
9
What is the highest common factor of 95 and 114?
19
Calculate the greatest common factor of 282 and 12.
6
Calculate the highest common divisor of 95 and 380.
95
Calculate the highest common factor of 552 and 7521.
69
Calculate the highest common factor of 90 and 150.
30
Calculate the highest common divisor of 116 and 783.
29
Calculate the greatest common factor of 18 and 138.
6
Calculate the greatest common divisor of 26292 and 28.
28
What is the greatest common divisor of 27 and 279